{"id":587,"date":"2020-11-04T09:44:13","date_gmt":"2020-11-04T09:44:13","guid":{"rendered":"https:\/\/www.hvisserbloemen.nl\/?page_id=587"},"modified":"2021-08-30T13:05:19","modified_gmt":"2021-08-30T13:05:19","slug":"eventos","status":"publish","type":"page","link":"https:\/\/www.hvisserbloemen.nl\/es\/eventos\/","title":{"rendered":"Eventos"},"content":{"rendered":"\n<h3 class=\"wp-block-heading\"><strong>Flores para todos los eventos exclusivos y bodas<\/strong><\/h3>\n\n\n\n<p>Durante a\u00f1os hemos suministrado flores para eventos espl\u00e9ndidos y exclusivos en todo el mundo. Por ejemplo, se pod\u00edan ver nuestras flores en Roma, en la Plaza de San Pedro, mientras el Papa daba la bendici\u00f3n Urbi et Orbi. Nuestras flores tambi\u00e9n se utilizan en las bodas y eventos m\u00e1s esplendorosos de Dubai y la India, por ejemplo, y para estilizar hoteles. Incluso la familia real holandesa utiliza ocasionalmente nuestras flores para sus eventos.<\/p>\n\n\n\n<figure class=\"wp-block-gallery columns-2 is-cropped wp-block-gallery-1 is-layout-flex wp-block-gallery-is-layout-flex\"><ul class=\"blocks-gallery-grid\"><li class=\"blocks-gallery-item\"><figure><img loading=\"lazy\" decoding=\"async\" width=\"1024\" height=\"768\" src=\"https:\/\/www.hvisserbloemen.nl\/content\/uploads\/2021\/08\/WhatsApp-Image-2021-07-16-at-10.09.35-7-4.jpg\" alt=\"\" data-id=\"588\" data-full-url=\"https:\/\/www.hvisserbloemen.nl\/content\/uploads\/2021\/08\/WhatsApp-Image-2021-07-16-at-10.09.35-7-4.jpg\" data-link=\"https:\/\/www.hvisserbloemen.nl\/?attachment_id=588\" class=\"wp-image-588\" srcset=\"https:\/\/www.hvisserbloemen.nl\/wp-content\/uploads\/2021\/08\/WhatsApp-Image-2021-07-16-at-10.09.35-7-4.jpg 1024w, https:\/\/www.hvisserbloemen.nl\/wp-content\/uploads\/2021\/08\/WhatsApp-Image-2021-07-16-at-10.09.35-7-4-300x225.jpg 300w, https:\/\/www.hvisserbloemen.nl\/wp-content\/uploads\/2021\/08\/WhatsApp-Image-2021-07-16-at-10.09.35-7-4-768x576.jpg 768w, https:\/\/www.hvisserbloemen.nl\/wp-content\/uploads\/2021\/08\/WhatsApp-Image-2021-07-16-at-10.09.35-7-4-1000x750.jpg 1000w\" sizes=\"auto, (max-width: 1024px) 100vw, 1024px\" \/><\/figure><\/li><li class=\"blocks-gallery-item\"><figure><img loading=\"lazy\" decoding=\"async\" width=\"1024\" height=\"768\" src=\"https:\/\/www.hvisserbloemen.nl\/content\/uploads\/2021\/08\/WhatsApp-Image-2021-07-16-at-10.13.39-10-4.jpg\" alt=\"\" data-id=\"589\" data-full-url=\"https:\/\/www.hvisserbloemen.nl\/content\/uploads\/2021\/08\/WhatsApp-Image-2021-07-16-at-10.13.39-10-4.jpg\" data-link=\"https:\/\/www.hvisserbloemen.nl\/?attachment_id=589\" class=\"wp-image-589\" srcset=\"https:\/\/www.hvisserbloemen.nl\/wp-content\/uploads\/2021\/08\/WhatsApp-Image-2021-07-16-at-10.13.39-10-4.jpg 1024w, https:\/\/www.hvisserbloemen.nl\/wp-content\/uploads\/2021\/08\/WhatsApp-Image-2021-07-16-at-10.13.39-10-4-300x225.jpg 300w, https:\/\/www.hvisserbloemen.nl\/wp-content\/uploads\/2021\/08\/WhatsApp-Image-2021-07-16-at-10.13.39-10-4-768x576.jpg 768w, https:\/\/www.hvisserbloemen.nl\/wp-content\/uploads\/2021\/08\/WhatsApp-Image-2021-07-16-at-10.13.39-10-4-1000x750.jpg 1000w\" sizes=\"auto, (max-width: 1024px) 100vw, 1024px\" \/><\/figure><\/li><\/ul><\/figure>\n\n\n\n<p>La raz\u00f3n por la que los dise\u00f1adores nos eligen a menudo es la calidad de las flores, la rapidez con la que podemos entregarlas, el amplio surtido -tambi\u00e9n de flores exclusivas- y, por supuesto, la perspicacia y el gran sentido del estilo del dise\u00f1ador.\u00a0\u00a0\u00a0<\/p>\n\n\n\n<blockquote class=\"wp-block-quote is-layout-flow wp-block-quote-is-layout-flow\"><p><strong>\u00ab<em>Las flores siempre se envasan con cuidado y en el material adecuado, por lo que no tengo que preocuparme por la calidad y el estado de las flores\u00bb<\/em><br><em>&#8211; Pascal, dise\u00f1ador<\/em><\/strong><\/p><\/blockquote>\n\n\n\n<p>Trabajamos con dise\u00f1adores de todo el mundo y consideramos que es un desaf\u00edo respaldar en todo momento el estilo y la creatividad del dise\u00f1ador para que pueda realizar las creaciones m\u00e1s hermosas.<\/p>\n\n\n\n<div class=\"intro txt\" style=\"padding:0;\">\n<div class=\"quote\">\n<p>La calidad de las flores y el surtido son excepcionales &#8211; Julia, planificadora de eventos\n<\/p>\n<div class=\"image\" style=\"background-image:url(https:\/\/www.hvisserbloemen.nl\/wp-content\/uploads\/2021\/07\/events-quote.jpg);\"><\/div>\n<\/div><\/div>\n","protected":false},"excerpt":{"rendered":"<p>Flores para todos los eventos exclusivos y bodas Durante a\u00f1os hemos suministrado flores para eventos espl\u00e9ndidos y exclusivos en todo el mundo. Por ejemplo, se pod\u00edan ver nuestras flores en Roma, en la Plaza de San Pedro, mientras el Papa daba la bendici\u00f3n Urbi et Orbi. Nuestras flores tambi\u00e9n se utilizan en las bodas y [&hellip;]<\/p>\n","protected":false},"author":2,"featured_media":0,"parent":0,"menu_order":0,"comment_status":"closed","ping_status":"closed","template":"page-events.php","meta":{"_acf_changed":false,"footnotes":""},"class_list":["post-587","page","type-page","status-publish","hentry"],"acf":[],"yoast_head":"<!-- This site is optimized with the Yoast SEO plugin v26.0 - https:\/\/yoast.com\/wordpress\/plugins\/seo\/ -->\n<title>Eventos - Hans Visser Bloemenexport<\/title>\n<meta name=\"robots\" content=\"index, follow, max-snippet:-1, max-image-preview:large, max-video-preview:-1\" \/>\n<link rel=\"canonical\" href=\"https:\/\/www.hvisserbloemen.nl\/es\/eventos\/\" \/>\n<meta property=\"og:locale\" content=\"es_ES\" \/>\n<meta property=\"og:type\" content=\"article\" \/>\n<meta property=\"og:title\" content=\"Eventos - Hans Visser Bloemenexport\" \/>\n<meta property=\"og:description\" content=\"Flores para todos los eventos exclusivos y bodas Durante a\u00f1os hemos suministrado flores para eventos espl\u00e9ndidos y exclusivos en todo el mundo. Por ejemplo, se pod\u00edan ver nuestras flores en Roma, en la Plaza de San Pedro, mientras el Papa daba la bendici\u00f3n Urbi et Orbi. Nuestras flores tambi\u00e9n se utilizan en las bodas y [&hellip;]\" \/>\n<meta property=\"og:url\" content=\"https:\/\/www.hvisserbloemen.nl\/es\/eventos\/\" \/>\n<meta property=\"og:site_name\" content=\"Hans Visser Bloemenexport\" \/>\n<meta property=\"article:publisher\" content=\"https:\/\/www.facebook.com\/HansVisserFlowerExport\/\" \/>\n<meta property=\"article:modified_time\" content=\"2021-08-30T13:05:19+00:00\" \/>\n<meta property=\"og:image\" content=\"https:\/\/www.hvisserbloemen.nl\/content\/uploads\/2021\/08\/WhatsApp-Image-2021-07-16-at-10.09.35-7-4.jpg\" \/>\n<meta name=\"twitter:card\" content=\"summary_large_image\" \/>\n<meta name=\"twitter:label1\" content=\"Tiempo de lectura\" \/>\n\t<meta name=\"twitter:data1\" content=\"2 minutos\" \/>\n<script type=\"application\/ld+json\" class=\"yoast-schema-graph\">{\"@context\":\"https:\/\/schema.org\",\"@graph\":[{\"@type\":\"WebPage\",\"@id\":\"https:\/\/www.hvisserbloemen.nl\/es\/eventos\/\",\"url\":\"https:\/\/www.hvisserbloemen.nl\/es\/eventos\/\",\"name\":\"Eventos - Hans Visser Bloemenexport\",\"isPartOf\":{\"@id\":\"https:\/\/www.hvisserbloemen.nl\/es\/#website\"},\"primaryImageOfPage\":{\"@id\":\"https:\/\/www.hvisserbloemen.nl\/es\/eventos\/#primaryimage\"},\"image\":{\"@id\":\"https:\/\/www.hvisserbloemen.nl\/es\/eventos\/#primaryimage\"},\"thumbnailUrl\":\"https:\/\/www.hvisserbloemen.nl\/content\/uploads\/2021\/08\/WhatsApp-Image-2021-07-16-at-10.09.35-7-4.jpg\",\"datePublished\":\"2020-11-04T09:44:13+00:00\",\"dateModified\":\"2021-08-30T13:05:19+00:00\",\"breadcrumb\":{\"@id\":\"https:\/\/www.hvisserbloemen.nl\/es\/eventos\/#breadcrumb\"},\"inLanguage\":\"es\",\"potentialAction\":[{\"@type\":\"ReadAction\",\"target\":[\"https:\/\/www.hvisserbloemen.nl\/es\/eventos\/\"]}]},{\"@type\":\"ImageObject\",\"inLanguage\":\"es\",\"@id\":\"https:\/\/www.hvisserbloemen.nl\/es\/eventos\/#primaryimage\",\"url\":\"https:\/\/www.hvisserbloemen.nl\/content\/uploads\/2021\/08\/WhatsApp-Image-2021-07-16-at-10.09.35-7-4.jpg\",\"contentUrl\":\"https:\/\/www.hvisserbloemen.nl\/content\/uploads\/2021\/08\/WhatsApp-Image-2021-07-16-at-10.09.35-7-4.jpg\"},{\"@type\":\"BreadcrumbList\",\"@id\":\"https:\/\/www.hvisserbloemen.nl\/es\/eventos\/#breadcrumb\",\"itemListElement\":[{\"@type\":\"ListItem\",\"position\":1,\"name\":\"Home\",\"item\":\"https:\/\/hvisser.dev.mooijit.nl\/es\/hans-visser-flores\/\"},{\"@type\":\"ListItem\",\"position\":2,\"name\":\"Eventos\"}]},{\"@type\":\"WebSite\",\"@id\":\"https:\/\/www.hvisserbloemen.nl\/es\/#website\",\"url\":\"https:\/\/www.hvisserbloemen.nl\/es\/\",\"name\":\"Hans Visser Bloemenexport\",\"description\":\"Uw b.loemenaanbod moet exact voldoen aan de kwaliteitsverwachtingen van uw klanten. Dat is uw onderscheidend vermogen. Hans Visser Bloemen begrijpt dat. Uw vraag staat bij ons centraal. Wij kopen in wat u nodig heeft en verwerken en verzenden uw producten gekoeld naar het juiste afleveradres. Of u nu gevestigd bent in Europa of daarbuiten.\",\"potentialAction\":[{\"@type\":\"SearchAction\",\"target\":{\"@type\":\"EntryPoint\",\"urlTemplate\":\"https:\/\/www.hvisserbloemen.nl\/es\/?s={search_term_string}\"},\"query-input\":{\"@type\":\"PropertyValueSpecification\",\"valueRequired\":true,\"valueName\":\"search_term_string\"}}],\"inLanguage\":\"es\"}]}<\/script>\n<!-- \/ Yoast SEO plugin. -->","yoast_head_json":{"title":"Eventos - Hans Visser Bloemenexport","robots":{"index":"index","follow":"follow","max-snippet":"max-snippet:-1","max-image-preview":"max-image-preview:large","max-video-preview":"max-video-preview:-1"},"canonical":"https:\/\/www.hvisserbloemen.nl\/es\/eventos\/","og_locale":"es_ES","og_type":"article","og_title":"Eventos - Hans Visser Bloemenexport","og_description":"Flores para todos los eventos exclusivos y bodas Durante a\u00f1os hemos suministrado flores para eventos espl\u00e9ndidos y exclusivos en todo el mundo. Por ejemplo, se pod\u00edan ver nuestras flores en Roma, en la Plaza de San Pedro, mientras el Papa daba la bendici\u00f3n Urbi et Orbi. Nuestras flores tambi\u00e9n se utilizan en las bodas y [&hellip;]","og_url":"https:\/\/www.hvisserbloemen.nl\/es\/eventos\/","og_site_name":"Hans Visser Bloemenexport","article_publisher":"https:\/\/www.facebook.com\/HansVisserFlowerExport\/","article_modified_time":"2021-08-30T13:05:19+00:00","og_image":[{"url":"https:\/\/www.hvisserbloemen.nl\/content\/uploads\/2021\/08\/WhatsApp-Image-2021-07-16-at-10.09.35-7-4.jpg","type":"","width":"","height":""}],"twitter_card":"summary_large_image","twitter_misc":{"Tiempo de lectura":"2 minutos"},"schema":{"@context":"https:\/\/schema.org","@graph":[{"@type":"WebPage","@id":"https:\/\/www.hvisserbloemen.nl\/es\/eventos\/","url":"https:\/\/www.hvisserbloemen.nl\/es\/eventos\/","name":"Eventos - Hans Visser Bloemenexport","isPartOf":{"@id":"https:\/\/www.hvisserbloemen.nl\/es\/#website"},"primaryImageOfPage":{"@id":"https:\/\/www.hvisserbloemen.nl\/es\/eventos\/#primaryimage"},"image":{"@id":"https:\/\/www.hvisserbloemen.nl\/es\/eventos\/#primaryimage"},"thumbnailUrl":"https:\/\/www.hvisserbloemen.nl\/content\/uploads\/2021\/08\/WhatsApp-Image-2021-07-16-at-10.09.35-7-4.jpg","datePublished":"2020-11-04T09:44:13+00:00","dateModified":"2021-08-30T13:05:19+00:00","breadcrumb":{"@id":"https:\/\/www.hvisserbloemen.nl\/es\/eventos\/#breadcrumb"},"inLanguage":"es","potentialAction":[{"@type":"ReadAction","target":["https:\/\/www.hvisserbloemen.nl\/es\/eventos\/"]}]},{"@type":"ImageObject","inLanguage":"es","@id":"https:\/\/www.hvisserbloemen.nl\/es\/eventos\/#primaryimage","url":"https:\/\/www.hvisserbloemen.nl\/content\/uploads\/2021\/08\/WhatsApp-Image-2021-07-16-at-10.09.35-7-4.jpg","contentUrl":"https:\/\/www.hvisserbloemen.nl\/content\/uploads\/2021\/08\/WhatsApp-Image-2021-07-16-at-10.09.35-7-4.jpg"},{"@type":"BreadcrumbList","@id":"https:\/\/www.hvisserbloemen.nl\/es\/eventos\/#breadcrumb","itemListElement":[{"@type":"ListItem","position":1,"name":"Home","item":"https:\/\/hvisser.dev.mooijit.nl\/es\/hans-visser-flores\/"},{"@type":"ListItem","position":2,"name":"Eventos"}]},{"@type":"WebSite","@id":"https:\/\/www.hvisserbloemen.nl\/es\/#website","url":"https:\/\/www.hvisserbloemen.nl\/es\/","name":"Hans Visser Bloemenexport","description":"Uw b.loemenaanbod moet exact voldoen aan de kwaliteitsverwachtingen van uw klanten. Dat is uw onderscheidend vermogen. Hans Visser Bloemen begrijpt dat. Uw vraag staat bij ons centraal. Wij kopen in wat u nodig heeft en verwerken en verzenden uw producten gekoeld naar het juiste afleveradres. Of u nu gevestigd bent in Europa of daarbuiten.","potentialAction":[{"@type":"SearchAction","target":{"@type":"EntryPoint","urlTemplate":"https:\/\/www.hvisserbloemen.nl\/es\/?s={search_term_string}"},"query-input":{"@type":"PropertyValueSpecification","valueRequired":true,"valueName":"search_term_string"}}],"inLanguage":"es"}]}},"_links":{"self":[{"href":"https:\/\/www.hvisserbloemen.nl\/es\/wp-json\/wp\/v2\/pages\/587","targetHints":{"allow":["GET"]}}],"collection":[{"href":"https:\/\/www.hvisserbloemen.nl\/es\/wp-json\/wp\/v2\/pages"}],"about":[{"href":"https:\/\/www.hvisserbloemen.nl\/es\/wp-json\/wp\/v2\/types\/page"}],"author":[{"embeddable":true,"href":"https:\/\/www.hvisserbloemen.nl\/es\/wp-json\/wp\/v2\/users\/2"}],"replies":[{"embeddable":true,"href":"https:\/\/www.hvisserbloemen.nl\/es\/wp-json\/wp\/v2\/comments?post=587"}],"version-history":[{"count":1,"href":"https:\/\/www.hvisserbloemen.nl\/es\/wp-json\/wp\/v2\/pages\/587\/revisions"}],"predecessor-version":[{"id":590,"href":"https:\/\/www.hvisserbloemen.nl\/es\/wp-json\/wp\/v2\/pages\/587\/revisions\/590"}],"wp:attachment":[{"href":"https:\/\/www.hvisserbloemen.nl\/es\/wp-json\/wp\/v2\/media?parent=587"}],"curies":[{"name":"wp","href":"https:\/\/api.w.org\/{rel}","templated":true}]}}

<h3 class="wp-block-heading"><strong>Flores para todos los eventos exclusivos y bodas</strong></h3>



<p>Durante años hemos suministrado flores para eventos espléndidos y exclusivos en todo el mundo. Por ejemplo, se podían ver nuestras flores en Roma, en la Plaza de San Pedro, mientras el Papa daba la bendición Urbi et Orbi. Nuestras flores también se utilizan en las bodas y eventos más esplendorosos de Dubai y la India, por ejemplo, y para estilizar hoteles. Incluso la familia real holandesa utiliza ocasionalmente nuestras flores para sus eventos.</p>



<figure class="wp-block-gallery columns-2 is-cropped wp-block-gallery-1 is-layout-flex wp-block-gallery-is-layout-flex"><ul class="blocks-gallery-grid"><li class="blocks-gallery-item"><figure><img loading="lazy" decoding="async" width="1024" height="768" src="https://www.hvisserbloemen.nl/content/uploads/2021/08/WhatsApp-Image-2021-07-16-at-10.09.35-7-4.jpg" alt="" data-id="588" data-full-url="https://www.hvisserbloemen.nl/content/uploads/2021/08/WhatsApp-Image-2021-07-16-at-10.09.35-7-4.jpg" data-link="https://www.hvisserbloemen.nl/?attachment_id=588" class="wp-image-588" srcset="https://www.hvisserbloemen.nl/wp-content/uploads/2021/08/WhatsApp-Image-2021-07-16-at-10.09.35-7-4.jpg 1024w, https://www.hvisserbloemen.nl/wp-content/uploads/2021/08/WhatsApp-Image-2021-07-16-at-10.09.35-7-4-300x225.jpg 300w, https://www.hvisserbloemen.nl/wp-content/uploads/2021/08/WhatsApp-Image-2021-07-16-at-10.09.35-7-4-768x576.jpg 768w, https://www.hvisserbloemen.nl/wp-content/uploads/2021/08/WhatsApp-Image-2021-07-16-at-10.09.35-7-4-1000x750.jpg 1000w" sizes="auto, (max-width: 1024px) 100vw, 1024px" /></figure></li><li class="blocks-gallery-item"><figure><img loading="lazy" decoding="async" width="1024" height="768" src="https://www.hvisserbloemen.nl/content/uploads/2021/08/WhatsApp-Image-2021-07-16-at-10.13.39-10-4.jpg" alt="" data-id="589" data-full-url="https://www.hvisserbloemen.nl/content/uploads/2021/08/WhatsApp-Image-2021-07-16-at-10.13.39-10-4.jpg" data-link="https://www.hvisserbloemen.nl/?attachment_id=589" class="wp-image-589" srcset="https://www.hvisserbloemen.nl/wp-content/uploads/2021/08/WhatsApp-Image-2021-07-16-at-10.13.39-10-4.jpg 1024w, https://www.hvisserbloemen.nl/wp-content/uploads/2021/08/WhatsApp-Image-2021-07-16-at-10.13.39-10-4-300x225.jpg 300w, https://www.hvisserbloemen.nl/wp-content/uploads/2021/08/WhatsApp-Image-2021-07-16-at-10.13.39-10-4-768x576.jpg 768w, https://www.hvisserbloemen.nl/wp-content/uploads/2021/08/WhatsApp-Image-2021-07-16-at-10.13.39-10-4-1000x750.jpg 1000w" sizes="auto, (max-width: 1024px) 100vw, 1024px" /></figure></li></ul></figure>



<p>La razón por la que los diseñadores nos eligen a menudo es la calidad de las flores, la rapidez con la que podemos entregarlas, el amplio surtido -también de flores exclusivas- y, por supuesto, la perspicacia y el gran sentido del estilo del diseñador.   </p>



<blockquote class="wp-block-quote is-layout-flow wp-block-quote-is-layout-flow"><p><strong>«<em>Las flores siempre se envasan con cuidado y en el material adecuado, por lo que no tengo que preocuparme por la calidad y el estado de las flores»</em><br><em>&#8211; Pascal, diseñador</em></strong></p></blockquote>



<p>Trabajamos con diseñadores de todo el mundo y consideramos que es un desafío respaldar en todo momento el estilo y la creatividad del diseñador para que pueda realizar las creaciones más hermosas.</p>



<div class="intro txt" style="padding:0;">
<div class="quote">
<p>La calidad de las flores y el surtido son excepcionales &#8211; Julia, planificadora de eventos
</p>
<div class="image" style="background-image:url(https://www.hvisserbloemen.nl/wp-content/uploads/2021/07/events-quote.jpg);"></div>
</div></div>

<p>Flores para todos los eventos exclusivos y bodas Durante años hemos suministrado flores para eventos espléndidos y exclusivos en todo el mundo. Por ejemplo, se podían ver nuestras flores en Roma, en la Plaza de San Pedro, mientras el Papa daba la bendición Urbi et Orbi. Nuestras flores también se utilizan en las bodas y [&hellip;]</p>

<!-- This site is optimized with the Yoast SEO plugin v26.0 - https://yoast.com/wordpress/plugins/seo/ -->
<title>Eventos - Hans Visser Bloemenexport</title>
<meta name="robots" content="index, follow, max-snippet:-1, max-image-preview:large, max-video-preview:-1" />
<link rel="canonical" href="https://www.hvisserbloemen.nl/es/eventos/" />
<meta property="og:locale" content="es_ES" />
<meta property="og:type" content="article" />
<meta property="og:title" content="Eventos - Hans Visser Bloemenexport" />
<meta property="og:description" content="Flores para todos los eventos exclusivos y bodas Durante años hemos suministrado flores para eventos espléndidos y exclusivos en todo el mundo. Por ejemplo, se podían ver nuestras flores en Roma, en la Plaza de San Pedro, mientras el Papa daba la bendición Urbi et Orbi. Nuestras flores también se utilizan en las bodas y [&hellip;]" />
<meta property="og:url" content="https://www.hvisserbloemen.nl/es/eventos/" />
<meta property="og:site_name" content="Hans Visser Bloemenexport" />
<meta property="article:publisher" content="https://www.facebook.com/HansVisserFlowerExport/" />
<meta property="article:modified_time" content="2021-08-30T13:05:19+00:00" />
<meta property="og:image" content="https://www.hvisserbloemen.nl/content/uploads/2021/08/WhatsApp-Image-2021-07-16-at-10.09.35-7-4.jpg" />
<meta name="twitter:card" content="summary_large_image" />
<meta name="twitter:label1" content="Tiempo de lectura" />
	<meta name="twitter:data1" content="2 minutos" />
<script type="application/ld+json" class="yoast-schema-graph">{"@context":"https://schema.org","@graph":[{"@type":"WebPage","@id":"https://www.hvisserbloemen.nl/es/eventos/","url":"https://www.hvisserbloemen.nl/es/eventos/","name":"Eventos - Hans Visser Bloemenexport","isPartOf":{"@id":"https://www.hvisserbloemen.nl/es/#website"},"primaryImageOfPage":{"@id":"https://www.hvisserbloemen.nl/es/eventos/#primaryimage"},"image":{"@id":"https://www.hvisserbloemen.nl/es/eventos/#primaryimage"},"thumbnailUrl":"https://www.hvisserbloemen.nl/content/uploads/2021/08/WhatsApp-Image-2021-07-16-at-10.09.35-7-4.jpg","datePublished":"2020-11-04T09:44:13+00:00","dateModified":"2021-08-30T13:05:19+00:00","breadcrumb":{"@id":"https://www.hvisserbloemen.nl/es/eventos/#breadcrumb"},"inLanguage":"es","potentialAction":[{"@type":"ReadAction","target":["https://www.hvisserbloemen.nl/es/eventos/"]}]},{"@type":"ImageObject","inLanguage":"es","@id":"https://www.hvisserbloemen.nl/es/eventos/#primaryimage","url":"https://www.hvisserbloemen.nl/content/uploads/2021/08/WhatsApp-Image-2021-07-16-at-10.09.35-7-4.jpg","contentUrl":"https://www.hvisserbloemen.nl/content/uploads/2021/08/WhatsApp-Image-2021-07-16-at-10.09.35-7-4.jpg"},{"@type":"BreadcrumbList","@id":"https://www.hvisserbloemen.nl/es/eventos/#breadcrumb","itemListElement":[{"@type":"ListItem","position":1,"name":"Home","item":"https://hvisser.dev.mooijit.nl/es/hans-visser-flores/"},{"@type":"ListItem","position":2,"name":"Eventos"}]},{"@type":"WebSite","@id":"https://www.hvisserbloemen.nl/es/#website","url":"https://www.hvisserbloemen.nl/es/","name":"Hans Visser Bloemenexport","description":"Uw b.loemenaanbod moet exact voldoen aan de kwaliteitsverwachtingen van uw klanten. Dat is uw onderscheidend vermogen. Hans Visser Bloemen begrijpt dat. Uw vraag staat bij ons centraal. Wij kopen in wat u nodig heeft en verwerken en verzenden uw producten gekoeld naar het juiste afleveradres. Of u nu gevestigd bent in Europa of daarbuiten.","potentialAction":[{"@type":"SearchAction","target":{"@type":"EntryPoint","urlTemplate":"https://www.hvisserbloemen.nl/es/?s={search_term_string}"},"query-input":{"@type":"PropertyValueSpecification","valueRequired":true,"valueName":"search_term_string"}}],"inLanguage":"es"}]}</script>
<!-- / Yoast SEO plugin. -->

Flores para todos los eventos exclusivos y bodas Durante años hemos suministrado flores para eventos espléndidos y exclusivos en todo el mundo. Por ejemplo, se podían ver nuestras flores en Roma, en la Plaza de San Pedro, mientras el Papa daba la bendición Urbi et Orbi. Nuestras flores también se utilizan en las bodas y [&hellip;]
